= -3 + 4 - 4*v**2 - 7 - 2*v + 6*v. Let x be j(4). Does 21 divide 3/(0 - 3)*x?
False
Suppose 0 = 3*o + 3*y + 2*y + 18, 5*y = -2*o - 17. Is 8 a factor of o + 1/(-1) + 18?
True
Let i = -36 - -161. Is i a multiple of 14?
False
Let u = -21 + 34. Does 4 divide u?
False
Let j = 49 - 14. Does 11 divide j?
False
Suppose 4*g - 75 = 33. Does 27 divide g?
True
Suppose 4*u + 3*s + 15 = 5*u, -5*u + 3*s + 51 = 0. Is u a multiple of 2?
False
Let b(c) = -2*c + 1. Let n be b(4). Let r(f) = 3*f - 7 - f**3 - 3*f**2 + f - 3*f**2. Is r(n) a multiple of 5?
False
Suppose -5*o - 1 + 6 = 0, -5 = 3*r - 5*o. Let x = -4 + 4. Is 9 a factor of r + (x - 0) - -9?
True
Suppose 0*m - 2*m - 66 = -2*k, 4*k - 97 = -3*m. Is k a multiple of 28?
True
Suppose 5 = 5*d + 3*k, 4*k + 32 = 4*d - 4. Suppose -d*u = 4*z - 608, 6*z = z + u + 778. Suppose -z = t - 6*t. Is t a multiple of 18?
False
Let d(j) = 2*j**2 + 2*j + 3. Let x = -9 + 14. Suppose -x*u - 16 = -u. Is d(u) a multiple of 14?
False
Let i(j) = 2*j**2 - 2*j - 2. Is i(4) a multiple of 21?
False
Suppose -2*c - 3*z + z - 12 = 0, 0 = 4*c - 3*z + 3. Let n = c + -3. Let s = n - -34. Is s a multiple of 14?
True
Does 17 divide 5/(30/612) - 4?
False
Suppose -r + 4*r - 165 = 0. Is r a multiple of 12?
False
Let s = -118 + 188. Is s a multiple of 5?
True
Is 4/(-7 + 3) - -21 a multiple of 20?
True
Suppose x - 4*l - 50 = -4*x, 0 = -x + 3*l + 21. Is 22 a factor of ((-44)/x)/((-3)/9)?
True
Is 14 a factor of ((-7)/2 - 13/26) + 228?
True
Let q(v) = v**2 + 7*v + 12. Let j be q(-5). Does 22 divide (-3)/j + (-103)/(-2)?
False
Let n be (-1 + 4/2)*-2. Does 16 divide (30/1)/(n/(-3))?
False
Suppose -d - 19 = -75. Is 14 a factor of d?
True
Let n(m) = -5*m**2 - 2*m + 14. Let u(r) = 2*r**2 + r - 5. Let x(v) = -4*n(v) - 11*u(v). Let s be x(-2). Is 15 a factor of (s/(-4))/(2/112)?
False
Let l = 48 + -1. Is 10 a factor of l?
False
Suppose w - 8 = -3*k, -2*w + 2*k + 2*k - 4 = 0. Suppose h = w*h - 11. Suppose -3*d - 3*m = -24, -d = -0*d - 2*m - h. Does 8 divide d?
False
Let s = -25 - -35. Is s a multiple of 3?
False
Let q = -2 + 40. Does 8 divide q?
False
Suppose 4*z - 4 = -0*z. Suppose -18 = -3*o + r, -2*o = r + 2*r - z. Let a(g) = -g**3 + 6*g**2 - 3*g - 2. Does 8 divide a(o)?
True
Let r be (-1)/(-2) + 18/(-4). Let j be (-1 + 2)/((-2)/r). Suppose j*p + 2*p - 160 = 0. Does 17 divide p?
False
Suppose x + 34 = -h + 2*h, 3*h + 5*x = 102. Is 17 a factor of h?
True
Let f be (-50)/(-16) + 4/(-32). Suppose -2*y - f*r - 10 = -67, 3*r = 5*y - 132. Does 5 divide y?
False
Let l = 81 - 43. Is l a multiple of 19?
True
Is (1712/40)/(9/(-5) - -2) a multiple of 33?
False
Let a be 113/5 - 2/(-5). Suppose -5*m - a = -4*x, -6*m = -m - 5. Is 14 a factor of (-126)/(-24)*(1 + x)?
True
Suppose -5*o - 5*k + 320 = 0, 0 = 4*o - 3*k - 107 - 177. Is o a multiple of 17?
True
Suppose 3*m = 5*z - 289, -12 = z - 5*m - 83. Does 14 divide z?
True
Let f(b) = -4*b - 17. Is 22 a factor of f(-19)?
False
Suppose -j = j. Suppose 0*v + 5*v - 240 = j. Is v a multiple of 16?
True
Let k = -23 + 71. Does 24 divide k?
True
Suppose -3*s - s = 8. Is 6 a factor of 7*(s + 80/28)?
True
Suppose 0 = -2*g - 3*s, 0 = g - 6*g - 2*s. Suppose -2*p = -g*p + 5*d - 34, -5*d - 10 = 0. Is 11 a factor of p?
True
Suppose 0 = -4*x + 5*g + 153, -222 = -5*x - 5*g + g. Is x a multiple of 21?
True
Suppose -49*x + 600 = -44*x. Does 13 divide x?
False
Suppose 15 = -3*h + 3. Let w = 6 + h. Suppose w*m - 6 - 36 = 0. Is 9 a factor of m?
False
Let i = -4 + 6. Let f be ((-62)/4)/(i/4). Let v = 55 + f. Does 12 divide v?
True
Suppose 3*o + o = 8. Suppose 0 = -4*v - o*p + 24 + 6, 5*v - p = 27. Is v a multiple of 6?
True
Let o(a) = a + 45. Is o(0) a multiple of 15?
True
Let s be 0/((-5)/(5/2)). Let q = 1 - s. Suppose 23 = 4*w + k, q = -2*w - 4*k - 5. Is w a multiple of 3?
False
Let j(m) = -3*m**2 - 2*m + 5. Let y(a) = -4*a**2 - 3*a + 5. Let k(t) = -3*j(t) + 2*y(t). Let b = -16 + 23. Is k(b) a multiple of 15?
False
Let z = -19 + 50. Is z a multiple of 22?
False
Suppose 2*n = n. Does 7 divide (-40)/(-4) + n/1?
False
Let h(t) = 2*t - 10. Let g be h(8). Suppose -3*u - g = 0, 4*q = -q - 5*u + 90. Is q a multiple of 8?
False
Suppose 5*y = -0*y + 5. Let r(f) = -22*f - 1. Let j be r(y). Let u = j + 46. Is u a multiple of 8?
False
Let j(t) = t**2 - 9*t + 14. Is 8 a factor of j(10)?
True
Suppose -u = 3*u - 320. Is u a multiple of 10?
True
Suppose -3*q + 4*q - 12 = 0. Let m be 6/(-4)*(0 - 2). Let f = q + m. Is 11 a factor of f?
False
Let w = 137 + -93. Is 11 a factor of w?
True
Suppose 4*v = -g + 2*v - 5, 35 = 5*g - 2*v. Suppose -g*u = -19 - 101. Suppose -u = -0*a - 2*a. Does 12 divide a?
True
Let h(o) = o**3 - 3*o**2 - o - 8. Let f be h(4). Suppose -f*d - 36 = -5*d. Is d a multiple of 12?
True
Let s = -29 - -47. Suppose -2*z - s = z. Is ((-6)/z)/(1/2) even?
True
Let a(b) = 6*b**2. Let p be a(-1). Suppose h - p = 5*g + 2*h, -2*g = -3*h + 16. Is 18 a factor of 7/(g - -1)*-5?
False
Let a(h) = h**3 - 18*h**2 - 19*h + 4. Let s be a(19). Does 16 divide 82*(0 + s/8)?
False
Let l(o) = 19 - 2*o**2 + 0*o**2 - 22*o + o**2 + 7*o. Is l(-16) a multiple of 2?
False
Suppose h = 0, 0*h = -3*l - 4*h + 3. Let n(q) = 2*q**3 - q**2 + q. Let r be n(l). Suppose r*o = 61 - 11. Is 12 a factor of o?
False
Let z = 29 - -33. Suppose 0 = -5*w - z + 172. Is 13 a factor of w?
False
Let o(u) be the second derivative of -13*u**3/6 + u. Is 13 a factor of o(-2)?
True
Suppose 0 = -13*l - 113 + 425. Is l a multiple of 2?
True
Let d(o) = -90*o**3 + o**2 + 2*o + 1. Is 15 a factor of d(-1)?
True
Let u be 6 - (3 - -4 - 4). Suppose 0 = -3*l - 4*b + 52, 6*l - l = -u*b + 105. Is l a multiple of 16?
False
Let t(b) = b**2 + 28. Is t(0) a multiple of 14?
True
Let u = -42 + 111. Is u a multiple of 15?
False
Let l be 0/(-2) - 7/(-1). Suppose 3*m = l*m - 48. Does 3 divide m?
True
Suppose -2*u = -4*u. Let k be (-3)/1*(-1 - u). Is 14 a factor of 1*78/k - 1?
False
Let f(o) be the second derivative of 1/20*o**5 - 3*o + 0 + 0*o**4 + 0*o**3 + 0*o**2. Is f(2) a multiple of 8?
True
Suppose 0 = 4*h + 3*j - 45, 0*j - 5 = j. Does 7 divide h?
False
Let k = 60 + 132. Is 32 a factor of k?
True
Let k be -2 + (3 - (0 + -1)). Suppose 4*b + k = 14. Suppose 0 = 3*x + 5*m - 22, 2*x + b*m - 8*m = 48. Is 14 a factor of x?
True
Suppose -v - 60 = -4*q, 5*v + 62 = 3*q - 0*q. Is q + (-1 - (1 + 0)) a multiple of 6?
True
Let l be 2912/63 + 4/(-18). Let v = l - 28. Is 9 a factor of v?
True
Is 9 a factor of (-1 + (-3)/(-9))*-21?
False
Suppose 4*v = -2*v + 648. Is v a multiple of 12?
True
Suppose -m = -4*m - 4*x + 25, -x + 4 = 0. Suppose h - 96 = -m*h. Is 9 a factor of h?
False
Let k(n) = -n**3 + 3*n + 1. Suppose g = -3*g - 20. Let p = 2 + g. Is 14 a factor of k(p)?
False
Is (-3)/12 - (-2523)/12 a multiple of 30?
True
Let t(u) = 4*u + 50. Does 16 divide t(0)?
False
Let z(q) = q**3 - 8*q**2 + 7*q - 2. Let a(p) = p**3 - 7*p**2 + 6*p - 3. Let d(h) = 3*a(h) - 2*z(h). Is 4 a factor of d(5)?
False
Suppose -5*k + 2*h + 57 = -h, 40 = 4*k - h. Does 2 divide k?
False
Suppose g - 5 = 2*g. Let z be ((-4)/(-3))/(g/(-15)). Does 14 divide 58/4 + (-2)/z?
True
Let b(a) = 44*a - 1. Is b(2) a multiple of 17?
False
Let b be (-9)/(-5)*(-100)/(-30). Let h(d) = 4*d - 9. Does 6 divide h(b)?
False
Is 25816/280 - (1/5 - 1) a multiple of 3?
True
Suppose -4*l + 2 = -3*l. Suppose -1 = -3*f + 2*o, -4 = l*f - 4*o + 6. Is 3 a factor of f?
True
Suppose -2*n = 2*n - 12. Suppose 2*j - j + n = -f, 1 = f - j. Is 13 a factor of (-2 - -16) + f + 0?
True
Let t = 2 - -1. Suppose 0 = 2*i - 2, 7*i - t*i = -5*u + 29. Is u a multiple of 4?
False
Suppose 10 = 3*k - 8. Suppose 2*o = 16 + k. Is o + 2 + 0 + 0 a multiple of 6?
False
Let c be 0/(3*2/3). Let z be 8 + -4 + 0 + c. Let u(b) = b**2 + 3*b + 5. Does 14 divide u(z)?
False
Let p = 74 + -67. Does 2 divide p?
False
Suppose l + 2*l + 22 = -2*v, 0 = -3*v - 3*l - 27. Does 7 divide ((-16)/v)/(2/10)?
False
Suppose -40 = 3*l + 2*k - 16, 0 = 3*k + 9. Is (-6)/(-1)*(-8)/l a multiple of 8?
True
Let v(o) = -o**2 + 6*o + 6. Let x be v(7). Let d be 3 + 0 + (1 - x). Suppose -2*i - 4*t = -62, 7*i + d*t - 165 = 2*i. Does 13 divide i?
False
Let n = -19 - -11. Let k be (-2)/(-6)*24/2. Let t = k - n. Is t a multiple of 12?
True
Let s(q) = q**2 + q + 6. Let n be s(0). Let v be n/12*8/2. Let k = v + 5. Is k even?
False
Let x(d) = -d**3 - 27*